{"id":858,"date":"2014-05-12T20:56:41","date_gmt":"2014-05-12T20:56:41","guid":{"rendered":"http:\/\/kumonlidice.com.br\/portal\/?page_id=267"},"modified":"2022-04-05T09:22:01","modified_gmt":"2022-04-05T12:22:01","slug":"unidade-lidice","status":"publish","type":"page","link":"https:\/\/kumonlidice.com.br\/portal\/unidade-lidice\/","title":{"rendered":"Unidade L\u00eddice"},"content":{"rendered":"<figure id=\"attachment_324\" aria-describedby=\"caption-attachment-324\" style=\"width: 290px\" class=\"wp-caption alignleft\"><a href=\"https:\/\/kumonlidice.com.br\/portal\/wp-content\/uploads\/2014\/05\/Marilea-entrevista.jpg\"><img fetchpriority=\"high\" decoding=\"async\" class=\"size-full wp-image-324\" src=\"https:\/\/kumonlidice.com.br\/portal\/wp-content\/uploads\/2014\/05\/Marilea-entrevista.jpg\" alt=\"Maril\u00e9a Tannus - Fundadora da Unidade L\u00eddice do Kumon em Uberl\u00e2ndia\" width=\"300\" height=\"225\" \/><\/a><figcaption id=\"caption-attachment-324\" class=\"wp-caption-text\">Maril\u00e9a Tannus &#8211; Fundadora da Unidade L\u00eddice do Kumon em Uberl\u00e2ndia<\/figcaption><\/figure>\n<h3>Como surgiu o Kumon L\u00eddice ?<\/h3>\n<p>Surgiu ap\u00f3s um encontro com uma ex-colega de faculdade, que era propriet\u00e1ria de uma unidade Kumon em Bras\u00edlia. Mediante sua informa\u00e7\u00e3o, percebi que o m\u00e9todo Kumon trabalhava muitas estrat\u00e9gias de ensino como o h\u00e1bito de estudo, a autocorre\u00e7\u00e3o, j\u00e1 aplicadas com meus alunos no Col\u00e9gio Objetivo. Identifiquei-me muito com este processo, fiquei curiosa e quis conhecer o Kumon. Para me inteirar do funcionamento do m\u00e9todo, fui at\u00e9 Uberaba assistir a uma palestra. L\u00e1, perguntaram-me se eu queria fazer um teste, fazer uma prova. Fiz a prova, tive um excelente resultado e ent\u00e3o dei in\u00edcio ao estudo do processo de ensino aprendizagem do m\u00e9todo at\u00e9 me tornar uma orientadora Kumon.<\/p>\n<h3>Como foi o come\u00e7o da escola?<\/h3>\n<p>O come\u00e7o foi dif\u00edcil. Come\u00e7ar algo \u00e9 sempre um desafio e ainda trabalhando em dois lugares. Continuei ministrando aulas no Col\u00e9gio Objetivo por muito tempo ainda, tentando conciliar o trabalho com os treinamentos e reuni\u00f5es em Ribeir\u00e3o Preto. Tive que aprender muito, mas fui me aperfei\u00e7oando, como orientadora e buscando qualificar mais a minha orienta\u00e7\u00e3o e desenvolver a capacidade dos meus alunos. Durante muitos anos continuei trabalhando no Col\u00e9gio Objetivo e no Kumon,. Depois no Col\u00e9gio S\u00e3o Paschoal e no Col\u00e9gio Nossa Senhora. Com o passar dos anos tive que optar e decidi deixar as escolas particulares. Fiquei somente como orientadora do Kumon, para me dedicar mais \u00e0 orienta\u00e7\u00e3o dos meus alunos e aperfei\u00e7oar mais meu conhecimento.<\/p>\n<h3>O que \u00e9 mais gratificante no seu trabalho?<\/h3>\n<p>\u00c9 ver o brilho dos alunos quando eles conseguem vencer as etapas; \u00e9 acreditar que eles podem se desenvolver; \u00e9 acreditar que eles s\u00e3o capazes, que eles podem expandir o seu potencial. \u00c9 gratificante observar os alunos que mesmo estando em fases mais simples, ao se depararem com situa\u00e7\u00f5es de aprendizagem mais complexas, percebem que s\u00e3o capazes de vencer os obst\u00e1culos, de superar suas dificuldades e de aprender com os pr\u00f3prios erros, indo al\u00e9m at\u00e9 mesmo do que pode ser aprendido na escola sendo assim, um autodidata.<\/p>\n<h3>Quais os principais objetivos da Unidade L\u00eddice, hoje?<\/h3>\n<p>Ter mais alunos adiantados, mais alunos brilhantes, pais felizes e satisfeitos, pessoas realizadas. \u00c9 importante ressaltar que mesmo promovendo a alta capacidade intelectual, procuro mostrar a import\u00e2ncia da humildade, para que se tornem pessoas que acreditam em seu pr\u00f3prio potencial e compartilhem aquilo que aprenderam. Qualificar mais a equipe para que possam fazer a diferen\u00e7a no desenvolvimento de cada crian\u00e7a, esse \u00e9 o sonho.<\/p>\n<h3>Qual o segredo de sucesso da Homenagem Kumon L\u00eddice ?<\/h3>\n<p>O segredo do sucesso da Homenagem \u00e9 desenvolver o trabalho com muito amor, com muita dedica\u00e7\u00e3o. Durante todo um ano, a unidade trabalha, mostrando as metas, fazendo os alunos acreditarem que podem se desenvolver, atingindo as expectativas de cada aluno, de da fam\u00edlia. S\u00e3o feitas quatro reuni\u00f5es anuais. Nelas, o desenvolvimento do aluno \u00e9 observado e compartilhado. Chegar ao final da jornada de um ano e celebrar o desenvolvimento de cada um, mostrando-lhe que \u00e9 reconhecido dentro da sua individualidade, \u00e9 o valor principal da homenagem. N\u00e3o existe ningu\u00e9m que seja mais nem menos. Todos s\u00e3o capazes de expandir a sua capacidade, e isto \u00e9 o que conta. Ver a alegria do aluno voltando para sua cadeira, com aquela medalha &#8230;, brilhando o olhinho&#8230; voltar pra escola, pra falar assim: \u201ceu ganhei uma medalha l\u00e1 no Kumon&#8230;eu estou dois anos, tr\u00eas, cinco anos adiantado&#8230; eu sou ouro&#8230; evolui 1200 folhas\u201d. Perceber que os pais veem que seus filhos hoje est\u00e3o transformados. Eu acredito no potencial de cada aluno, e por isto sempre posso dizer pra eles: \u201cEu quero; eu posso; eu consigo e eu sou capaz\u201d. \u00c9 uma alegria ver que cada pessoa que est\u00e1 ali, realmente celebra o seu crescimento, e cada pai valoriza o seu filho.<\/p>\n<h3>Voc\u00ea j\u00e1 encontrou algum ex-aluno depois de passados muitos anos?<\/h3>\n<p>Sim. A Fernanda que fez arquitetura e estava com a filha de 2 anos e me perguntou: \u201cvoc\u00ea se lembra de mim ?\u201d e depois completou dizendo,\u201d minha filha vai estudar com voc\u00ea tamb\u00e9m\u201d. Foi uma alegria ver o fruto do meu trabalho passando de uma gera\u00e7\u00e3o para outra.<\/p>\n<h3>Como voc\u00ea busca se aperfei\u00e7oar como orientadora?<\/h3>\n<p>Estudando o material did\u00e1tico, participando das reuni\u00f5es gerais em Ribeir\u00e3o Preto e regionais em Uberl\u00e2ndia, visitando outras unidades, buscando orienta\u00e7\u00f5es com outras filiais, inclusive em outros estados como S\u00e3o Paulo e Paran\u00e1. Participo tamb\u00e9m dos encontros anuais de orientadoras a n\u00edvel sul-americano, onde recebemos orienta\u00e7\u00f5es, por meio de palestras e f\u00f3runs. Leio o Info Educacional, Linha Direta, o editorial do presidente, aperfei\u00e7oando cada dia um pouco mais.<\/p>\n","protected":false},"excerpt":{"rendered":"<p>Como surgiu o Kumon L\u00eddice ? Surgiu ap\u00f3s um encontro com uma ex-colega de faculdade, que era propriet\u00e1ria de uma unidade Kumon em Bras\u00edlia. Mediante sua informa\u00e7\u00e3o, percebi que o m\u00e9todo Kumon trabalhava muitas estrat\u00e9gias de ensino como o h\u00e1bito de estudo, a autocorre\u00e7\u00e3o, j\u00e1 aplicadas com meus alunos no Col\u00e9gio Objetivo. Identifiquei-me muito com &#8230; <a title=\"Unidade L\u00eddice\" class=\"read-more\" href=\"https:\/\/kumonlidice.com.br\/portal\/unidade-lidice\/\" aria-label=\"More on Unidade L\u00eddice\">Ler mais<\/a><\/p>\n","protected":false},"author":1,"featured_media":324,"parent":0,"menu_order":0,"comment_status":"closed","ping_status":"closed","template":"","meta":{"footnotes":""},"class_list":["post-858","page","type-page","status-publish","has-post-thumbnail"],"_links":{"self":[{"href":"https:\/\/kumonlidice.com.br\/portal\/wp-json\/wp\/v2\/pages\/858","targetHints":{"allow":["GET"]}}],"collection":[{"href":"https:\/\/kumonlidice.com.br\/portal\/wp-json\/wp\/v2\/pages"}],"about":[{"href":"https:\/\/kumonlidice.com.br\/portal\/wp-json\/wp\/v2\/types\/page"}],"author":[{"embeddable":true,"href":"https:\/\/kumonlidice.com.br\/portal\/wp-json\/wp\/v2\/users\/1"}],"replies":[{"embeddable":true,"href":"https:\/\/kumonlidice.com.br\/portal\/wp-json\/wp\/v2\/comments?post=858"}],"version-history":[{"count":4,"href":"https:\/\/kumonlidice.com.br\/portal\/wp-json\/wp\/v2\/pages\/858\/revisions"}],"predecessor-version":[{"id":1748,"href":"https:\/\/kumonlidice.com.br\/portal\/wp-json\/wp\/v2\/pages\/858\/revisions\/1748"}],"wp:featuredmedia":[{"embeddable":true,"href":"https:\/\/kumonlidice.com.br\/portal\/wp-json\/wp\/v2\/media\/324"}],"wp:attachment":[{"href":"https:\/\/kumonlidice.com.br\/portal\/wp-json\/wp\/v2\/media?parent=858"}],"curies":[{"name":"wp","href":"https:\/\/api.w.org\/{rel}","templated":true}]}}

Unidade Lídice

<figure id="attachment_324" aria-describedby="caption-attachment-324" style="width: 290px" class="wp-caption alignleft"><a href="https://kumonlidice.com.br/portal/wp-content/uploads/2014/05/Marilea-entrevista.jpg"><img fetchpriority="high" decoding="async" class="size-full wp-image-324" src="https://kumonlidice.com.br/portal/wp-content/uploads/2014/05/Marilea-entrevista.jpg" alt="Mariléa Tannus - Fundadora da Unidade Lídice do Kumon em Uberlândia" width="300" height="225" /></a><figcaption id="caption-attachment-324" class="wp-caption-text">Mariléa Tannus &#8211; Fundadora da Unidade Lídice do Kumon em Uberlândia</figcaption></figure>
<h3>Como surgiu o Kumon Lídice ?</h3>
<p>Surgiu após um encontro com uma ex-colega de faculdade, que era proprietária de uma unidade Kumon em Brasília. Mediante sua informação, percebi que o método Kumon trabalhava muitas estratégias de ensino como o hábito de estudo, a autocorreção, já aplicadas com meus alunos no Colégio Objetivo. Identifiquei-me muito com este processo, fiquei curiosa e quis conhecer o Kumon. Para me inteirar do funcionamento do método, fui até Uberaba assistir a uma palestra. Lá, perguntaram-me se eu queria fazer um teste, fazer uma prova. Fiz a prova, tive um excelente resultado e então dei início ao estudo do processo de ensino aprendizagem do método até me tornar uma orientadora Kumon.</p>
<h3>Como foi o começo da escola?</h3>
<p>O começo foi difícil. Começar algo é sempre um desafio e ainda trabalhando em dois lugares. Continuei ministrando aulas no Colégio Objetivo por muito tempo ainda, tentando conciliar o trabalho com os treinamentos e reuniões em Ribeirão Preto. Tive que aprender muito, mas fui me aperfeiçoando, como orientadora e buscando qualificar mais a minha orientação e desenvolver a capacidade dos meus alunos. Durante muitos anos continuei trabalhando no Colégio Objetivo e no Kumon,. Depois no Colégio São Paschoal e no Colégio Nossa Senhora. Com o passar dos anos tive que optar e decidi deixar as escolas particulares. Fiquei somente como orientadora do Kumon, para me dedicar mais à orientação dos meus alunos e aperfeiçoar mais meu conhecimento.</p>
<h3>O que é mais gratificante no seu trabalho?</h3>
<p>É ver o brilho dos alunos quando eles conseguem vencer as etapas; é acreditar que eles podem se desenvolver; é acreditar que eles são capazes, que eles podem expandir o seu potencial. É gratificante observar os alunos que mesmo estando em fases mais simples, ao se depararem com situações de aprendizagem mais complexas, percebem que são capazes de vencer os obstáculos, de superar suas dificuldades e de aprender com os próprios erros, indo além até mesmo do que pode ser aprendido na escola sendo assim, um autodidata.</p>
<h3>Quais os principais objetivos da Unidade Lídice, hoje?</h3>
<p>Ter mais alunos adiantados, mais alunos brilhantes, pais felizes e satisfeitos, pessoas realizadas. É importante ressaltar que mesmo promovendo a alta capacidade intelectual, procuro mostrar a importância da humildade, para que se tornem pessoas que acreditam em seu próprio potencial e compartilhem aquilo que aprenderam. Qualificar mais a equipe para que possam fazer a diferença no desenvolvimento de cada criança, esse é o sonho.</p>
<h3>Qual o segredo de sucesso da Homenagem Kumon Lídice ?</h3>
<p>O segredo do sucesso da Homenagem é desenvolver o trabalho com muito amor, com muita dedicação. Durante todo um ano, a unidade trabalha, mostrando as metas, fazendo os alunos acreditarem que podem se desenvolver, atingindo as expectativas de cada aluno, de da família. São feitas quatro reuniões anuais. Nelas, o desenvolvimento do aluno é observado e compartilhado. Chegar ao final da jornada de um ano e celebrar o desenvolvimento de cada um, mostrando-lhe que é reconhecido dentro da sua individualidade, é o valor principal da homenagem. Não existe ninguém que seja mais nem menos. Todos são capazes de expandir a sua capacidade, e isto é o que conta. Ver a alegria do aluno voltando para sua cadeira, com aquela medalha &#8230;, brilhando o olhinho&#8230; voltar pra escola, pra falar assim: “eu ganhei uma medalha lá no Kumon&#8230;eu estou dois anos, três, cinco anos adiantado&#8230; eu sou ouro&#8230; evolui 1200 folhas”. Perceber que os pais veem que seus filhos hoje estão transformados. Eu acredito no potencial de cada aluno, e por isto sempre posso dizer pra eles: “Eu quero; eu posso; eu consigo e eu sou capaz”. É uma alegria ver que cada pessoa que está ali, realmente celebra o seu crescimento, e cada pai valoriza o seu filho.</p>
<h3>Você já encontrou algum ex-aluno depois de passados muitos anos?</h3>
<p>Sim. A Fernanda que fez arquitetura e estava com a filha de 2 anos e me perguntou: “você se lembra de mim ?” e depois completou dizendo,” minha filha vai estudar com você também”. Foi uma alegria ver o fruto do meu trabalho passando de uma geração para outra.</p>
<h3>Como você busca se aperfeiçoar como orientadora?</h3>
<p>Estudando o material didático, participando das reuniões gerais em Ribeirão Preto e regionais em Uberlândia, visitando outras unidades, buscando orientações com outras filiais, inclusive em outros estados como São Paulo e Paraná. Participo também dos encontros anuais de orientadoras a nível sul-americano, onde recebemos orientações, por meio de palestras e fóruns. Leio o Info Educacional, Linha Direta, o editorial do presidente, aperfeiçoando cada dia um pouco mais.</p>

<p>Como surgiu o Kumon Lídice ? Surgiu após um encontro com uma ex-colega de faculdade, que era proprietária de uma unidade Kumon em Brasília. Mediante sua informação, percebi que o método Kumon trabalhava muitas estratégias de ensino como o hábito de estudo, a autocorreção, já aplicadas com meus alunos no Colégio Objetivo. Identifiquei-me muito com &#8230; <a title="Unidade Lídice" class="read-more" href="https://kumonlidice.com.br/portal/unidade-lidice/" aria-label="More on Unidade Lídice">Ler mais</a></p>
