{"id":855,"date":"2014-04-28T15:15:42","date_gmt":"2014-04-28T15:15:42","guid":{"rendered":"http:\/\/kumonlidice.com.br\/portal\/?page_id=104"},"modified":"2022-04-04T23:48:29","modified_gmt":"2022-04-05T02:48:29","slug":"pre-escolar","status":"publish","type":"page","link":"https:\/\/kumonlidice.com.br\/portal\/etapas-do-ensino\/pre-escolar\/","title":{"rendered":"Pr\u00e9 &#8211; Escolar"},"content":{"rendered":"<h3>Desenvolva a capacidade do seu filho antes do<br \/>\nEnsino Fundamental<\/h3>\n<p style=\"text-align: justify;\">Uma crian\u00e7a em idade pr\u00e9-escolar que se interessa pelos n\u00fameros e pelas letras consegue contar, somar e subtrair com facilidade e tamb\u00e9m escrever seu nome e at\u00e9 mesmo ler. Isso lhe dar\u00e1 muita tranquilidade na escola ao ingressar no Ensino Fundamental.<\/p>\n<p style=\"text-align: justify;\">Crian\u00e7as que come\u00e7am o aprendizado no Kumon ainda na etapa pr\u00e9-escolar incorporam a capacidade b\u00e1sica de escrita de n\u00fameros e de letras com mais facilidade e prazer.<\/p>\n<p style=\"text-align: justify;\">Mesmo a crian\u00e7a que ainda n\u00e3o consegue segurar bem o l\u00e1pis ou que mal come\u00e7ou a desenhar, \u00e9 muito bem-vinda no Kumon. Isto porque quanto antes ela come\u00e7ar no m\u00e9todo Kumon, mais poder\u00e1 desenvolver o seu potencial.<\/p>\n<h3 style=\"text-align: justify;\">Aprender com prazer \u2013 isto \u00e9 Kumon!<\/h3>\n<p style=\"text-align: justify;\">Se voc\u00ea deseja que seu filho se familiarize com n\u00fameros e letras desde pequeno e desenvolva sua capacidade de forma l\u00fadica, o Kumon \u00e9 a escolha certa.<\/p>\n<p style=\"text-align: justify;\">No m\u00e9todo Kumon, at\u00e9 quem est\u00e1 na fase pr\u00e9-escolar pode estudar de forma divertida. Os materiais did\u00e1ticos e educativos foram estrategicamente desenvolvidos para permitir que a crian\u00e7a se familiarize com os n\u00fameros e letras de modo muito natural, estabelecendo contato com o universo do conhecimento de forma prazerosa. Mesmo os mais pequeninos poder\u00e3o estudar com interesse, sem sobrecarga e com tranquilidade, pois crian\u00e7as e pais contar\u00e3o com o suporte caloroso do orientador.<\/p>\n","protected":false},"excerpt":{"rendered":"<p>Desenvolva a capacidade do seu filho antes do Ensino Fundamental Uma crian\u00e7a em idade pr\u00e9-escolar que se interessa pelos n\u00fameros e pelas letras consegue contar, somar e subtrair com facilidade e tamb\u00e9m escrever seu nome e at\u00e9 mesmo ler. Isso lhe dar\u00e1 muita tranquilidade na escola ao ingressar no Ensino Fundamental. Crian\u00e7as que come\u00e7am o &#8230; <a title=\"Pr\u00e9 &#8211; Escolar\" class=\"read-more\" href=\"https:\/\/kumonlidice.com.br\/portal\/etapas-do-ensino\/pre-escolar\/\" aria-label=\"More on Pr\u00e9 &#8211; Escolar\">Ler mais<\/a><\/p>\n","protected":false},"author":1,"featured_media":0,"parent":28,"menu_order":10,"comment_status":"closed","ping_status":"closed","template":"","meta":{"footnotes":""},"class_list":["post-855","page","type-page","status-publish"],"_links":{"self":[{"href":"https:\/\/kumonlidice.com.br\/portal\/wp-json\/wp\/v2\/pages\/855","targetHints":{"allow":["GET"]}}],"collection":[{"href":"https:\/\/kumonlidice.com.br\/portal\/wp-json\/wp\/v2\/pages"}],"about":[{"href":"https:\/\/kumonlidice.com.br\/portal\/wp-json\/wp\/v2\/types\/page"}],"author":[{"embeddable":true,"href":"https:\/\/kumonlidice.com.br\/portal\/wp-json\/wp\/v2\/users\/1"}],"replies":[{"embeddable":true,"href":"https:\/\/kumonlidice.com.br\/portal\/wp-json\/wp\/v2\/comments?post=855"}],"version-history":[{"count":2,"href":"https:\/\/kumonlidice.com.br\/portal\/wp-json\/wp\/v2\/pages\/855\/revisions"}],"predecessor-version":[{"id":1736,"href":"https:\/\/kumonlidice.com.br\/portal\/wp-json\/wp\/v2\/pages\/855\/revisions\/1736"}],"up":[{"embeddable":true,"href":"https:\/\/kumonlidice.com.br\/portal\/wp-json\/wp\/v2\/pages\/28"}],"wp:attachment":[{"href":"https:\/\/kumonlidice.com.br\/portal\/wp-json\/wp\/v2\/media?parent=855"}],"curies":[{"name":"wp","href":"https:\/\/api.w.org\/{rel}","templated":true}]}}

Pré &#8211; Escolar

<h3>Desenvolva a capacidade do seu filho antes do<br />
Ensino Fundamental</h3>
<p style="text-align: justify;">Uma criança em idade pré-escolar que se interessa pelos números e pelas letras consegue contar, somar e subtrair com facilidade e também escrever seu nome e até mesmo ler. Isso lhe dará muita tranquilidade na escola ao ingressar no Ensino Fundamental.</p>
<p style="text-align: justify;">Crianças que começam o aprendizado no Kumon ainda na etapa pré-escolar incorporam a capacidade básica de escrita de números e de letras com mais facilidade e prazer.</p>
<p style="text-align: justify;">Mesmo a criança que ainda não consegue segurar bem o lápis ou que mal começou a desenhar, é muito bem-vinda no Kumon. Isto porque quanto antes ela começar no método Kumon, mais poderá desenvolver o seu potencial.</p>
<h3 style="text-align: justify;">Aprender com prazer – isto é Kumon!</h3>
<p style="text-align: justify;">Se você deseja que seu filho se familiarize com números e letras desde pequeno e desenvolva sua capacidade de forma lúdica, o Kumon é a escolha certa.</p>
<p style="text-align: justify;">No método Kumon, até quem está na fase pré-escolar pode estudar de forma divertida. Os materiais didáticos e educativos foram estrategicamente desenvolvidos para permitir que a criança se familiarize com os números e letras de modo muito natural, estabelecendo contato com o universo do conhecimento de forma prazerosa. Mesmo os mais pequeninos poderão estudar com interesse, sem sobrecarga e com tranquilidade, pois crianças e pais contarão com o suporte caloroso do orientador.</p>

<p>Desenvolva a capacidade do seu filho antes do Ensino Fundamental Uma criança em idade pré-escolar que se interessa pelos números e pelas letras consegue contar, somar e subtrair com facilidade e também escrever seu nome e até mesmo ler. Isso lhe dará muita tranquilidade na escola ao ingressar no Ensino Fundamental. Crianças que começam o &#8230; <a title="Pré &#8211; Escolar" class="read-more" href="https://kumonlidice.com.br/portal/etapas-do-ensino/pre-escolar/" aria-label="More on Pré &#8211; Escolar">Ler mais</a></p>
