{"id":848,"date":"2014-04-28T02:06:26","date_gmt":"2014-04-28T02:06:26","guid":{"rendered":"http:\/\/kumonlidice.com.br\/portal\/?page_id=18"},"modified":"2022-04-04T23:46:15","modified_gmt":"2022-04-05T02:46:15","slug":"como-matricular","status":"publish","type":"page","link":"https:\/\/kumonlidice.com.br\/portal\/metodo-kumon\/como-matricular\/","title":{"rendered":"Como Matricular"},"content":{"rendered":"<p>Agende uma entrevista e venha conhecer a unidade junto com o seu filho. Faremos\u00a0uma avalia\u00e7\u00e3o gratuita e o orientador ir\u00e1 mostrar o planejamento de estudos para seu filho se desenvolver.<\/p>\n<p>&nbsp;<\/p>\n<h3 style=\"text-align: justify;\"><img decoding=\"async\" class=\"alignnone size-full wp-image-82\" src=\"https:\/\/kumonlidice.com.br\/portal\/wp-content\/uploads\/2014\/04\/h1_matematica01.gif\" alt=\"h1_matematica01\" width=\"46\" height=\"46\" \/>Entre em contato com a unidade.<\/h3>\n<p style=\"text-align: justify;\">Entre em contato com a Unidade L\u00eddice em Uberl\u00e2ndia pelo telefone (34) 3214-3763. Nosso endere\u00e7o \u00e9 R. Quintino Bocai\u00fava, 995. <a href=\"http:\/\/kumonlidice.com.br\/portal\/?page_id=30\">Veja o mapa.<\/a><\/p>\n<h3 style=\"text-align: justify;\"><img decoding=\"async\" class=\"alignnone wp-image-81 size-full\" src=\"https:\/\/kumonlidice.com.br\/portal\/wp-content\/uploads\/2014\/04\/h1_matematica02.gif\" alt=\"h1_matematica02\" width=\"46\" height=\"46\" \/>Conhe\u00e7a a unidade junto com seu filho<\/h3>\n<p>\u00c9 importante que pais e filho estejam juntos na visita \u00e0 unidade, porque o que se deseja \u00e9 conhecer seu filho. Isto \u00e9 mais do que simplesmente saber como anda o desempenho escolar dele, mas sim como ele \u00e9 em casa, na escola e no dia-a-dia.<\/p>\n<p>&nbsp;<\/p>\n<h3><img decoding=\"async\" class=\"alignnone size-full wp-image-80\" src=\"https:\/\/kumonlidice.com.br\/portal\/wp-content\/uploads\/2014\/04\/h1_matematica03.gif\" alt=\"h1_matematica03\" width=\"46\" height=\"46\" \/>Seu filho poder\u00e1 fazer uma avalia\u00e7\u00e3o gratuita e o orientador explicar\u00e1 como desenvolv\u00ea-lo<\/h3>\n<p>Seu filho ter\u00e1 uma avalia\u00e7\u00e3o da mat\u00e9ria na qual quer se matricular. Nessa avalia\u00e7\u00e3o, descobriremos qual o ponto de in\u00edcio mais adequado para ele e tamb\u00e9m a meta para\u00a0um ano. O orientador explicar\u00e1 o planejamento de estudos para o desenvolvimento do seu filho.<\/p>\n<p>&nbsp;<\/p>\n<h3><img loading=\"lazy\" decoding=\"async\" class=\"alignnone size-full wp-image-79\" src=\"https:\/\/kumonlidice.com.br\/portal\/wp-content\/uploads\/2014\/04\/h1_matematica04.gif\" alt=\"h1_matematica04\" width=\"46\" height=\"46\" \/>Matr\u00edcula e a frequ\u00eancia na unidade duas vezes por semana<\/h3>\n<p>Sentindo-se seguro de confiar o seu filho ao Kumon, efetue a matr\u00edcula. Seu filho frequentar\u00e1 a unidade duas vezes por semana no hor\u00e1rio combinado com o orientador.<\/p>\n","protected":false},"excerpt":{"rendered":"<p>Agende uma entrevista e venha conhecer a unidade junto com o seu filho. Faremos\u00a0uma avalia\u00e7\u00e3o gratuita e o orientador ir\u00e1 mostrar o planejamento de estudos para seu filho se desenvolver. &nbsp; Entre em contato com a unidade. Entre em contato com a Unidade L\u00eddice em Uberl\u00e2ndia pelo telefone (34) 3214-3763. Nosso endere\u00e7o \u00e9 R. Quintino &#8230; <a title=\"Como Matricular\" class=\"read-more\" href=\"https:\/\/kumonlidice.com.br\/portal\/metodo-kumon\/como-matricular\/\" aria-label=\"More on Como Matricular\">Ler mais<\/a><\/p>\n","protected":false},"author":1,"featured_media":82,"parent":9,"menu_order":40,"comment_status":"closed","ping_status":"closed","template":"","meta":{"footnotes":""},"class_list":["post-848","page","type-page","status-publish","has-post-thumbnail"],"_links":{"self":[{"href":"https:\/\/kumonlidice.com.br\/portal\/wp-json\/wp\/v2\/pages\/848","targetHints":{"allow":["GET"]}}],"collection":[{"href":"https:\/\/kumonlidice.com.br\/portal\/wp-json\/wp\/v2\/pages"}],"about":[{"href":"https:\/\/kumonlidice.com.br\/portal\/wp-json\/wp\/v2\/types\/page"}],"author":[{"embeddable":true,"href":"https:\/\/kumonlidice.com.br\/portal\/wp-json\/wp\/v2\/users\/1"}],"replies":[{"embeddable":true,"href":"https:\/\/kumonlidice.com.br\/portal\/wp-json\/wp\/v2\/comments?post=848"}],"version-history":[{"count":2,"href":"https:\/\/kumonlidice.com.br\/portal\/wp-json\/wp\/v2\/pages\/848\/revisions"}],"predecessor-version":[{"id":1730,"href":"https:\/\/kumonlidice.com.br\/portal\/wp-json\/wp\/v2\/pages\/848\/revisions\/1730"}],"up":[{"embeddable":true,"href":"https:\/\/kumonlidice.com.br\/portal\/wp-json\/wp\/v2\/pages\/9"}],"wp:featuredmedia":[{"embeddable":true,"href":"https:\/\/kumonlidice.com.br\/portal\/wp-json\/"}],"wp:attachment":[{"href":"https:\/\/kumonlidice.com.br\/portal\/wp-json\/wp\/v2\/media?parent=848"}],"curies":[{"name":"wp","href":"https:\/\/api.w.org\/{rel}","templated":true}]}}